ded by 2181?
9
What is the remainder when 1073232 is divided by 1072972?
260
Calculate the remainder when 39752309 is divided by 9602.
29
What is the remainder when 594307 is divided by 10426?
25
Calculate the remainder when 292873 is divided by 7.
0
What is the remainder when 4427792 is divided by 258?
254
Calculate the remainder when 9763101 is divided by 2.
1
Calculate the remainder when 143786 is divided by 47926.
8
What is the remainder when 713985 is divided by 24?
9
What is the remainder when 88759 is divided by 4336?
2039
Calculate the remainder when 34455 is divided by 6640.
1255
Calculate the remainder when 356985 is divided by 25413.
1203
What is the remainder when 10999738 is divided by 71?
63
Calculate the remainder when 272319 is divided by 11177.
4071
What is the remainder when 1276357 is divided by 17720?
517
What is the remainder when 139033323 is divided by 5888?
5867
What is the remainder when 2522962 is divided by 45?
37
Calculate the remainder when 161828 is divided by 20226.
20
What is the remainder when 68129 is divided by 12474?
5759
Calculate the remainder when 5266154 is divided by 3142.
162
Calculate the remainder when 44433013 is divided by 17.
11
Calculate the remainder when 3985158 is divided by 5475.
4833
What is the remainder when 451259 is divided by 641?
636
What is the remainder when 119823548 is divided by 63?
5
What is the remainder when 77620 is divided by 9333?
2956
Calculate the remainder when 2232645 is divided by 8587.
25
Calculate the remainder when 101435 is divided by 284.
47
Calculate the remainder when 2653065 is divided by 21.
9
What is the remainder when 9861 is divided by 1242?
1167
Calculate the remainder when 188774356 is divided by 926.
922
What is the remainder when 1462699 is divided by 3287?
3271
What is the remainder when 208098 is divided by 4360?
3178
What is the remainder when 32804 is divided by 5212?
1532
Calculate the remainder when 2690730 is divided by 672682.
2
Calculate the remainder when 56256 is divided by 56150.
106
Calculate the remainder when 22613590 is divided by 3731.
3730
Calculate the remainder when 23105686 is divided by 105.
16
What is the remainder when 20058381 is divided by 165?
156
What is the remainder when 187728 is divided by 3608?
112
What is the remainder when 150219830 is divided by 179?
166
Calculate the remainder when 14620795 is divided by 5307.
10
What is the remainder when 12388689 is divided by 1181?
1180
Calculate the remainder when 140443 is divided by 23402.
31
What is the remainder when 19831444 is divided by 49?
17
Calculate the remainder when 1703876 is divided by 52.
44
What is the remainder when 128025 is divided by 63913?
199
Calculate the remainder when 773684 is divided by 97.
12
Calculate the remainder when 986976 is divided by 6493.
40
What is the remainder when 1652158 is divided by 69?
22
What is the remainder when 827249 is divided by 518?
3
Calculate the remainder when 26326646 is divided by 188047.
66
What is the remainder when 58276916 is divided by 65?
61
What is the remainder when 78593 is divided by 117?
86
Calculate the remainder when 3389076 is divided by 237.
213
Calculate the remainder when 1387977 is divided by 346803.
765
What is the remainder when 85975 is divided by 7162?
31
Calculate the remainder when 14347936 is divided by 1221.
1186
What is the remainder when 15229 is divided by 557?
190
Calculate the remainder when 1346627 is divided by 766.
765
What is the remainder when 19080011 is divided by 147?
146
Calculate the remainder when 1961537 is divided by 98.
67
Calculate the remainder when 18299984 is divided by 501.
458
Calculate the remainder when 35963709 is divided by 48.
45
Calculate the remainder when 80250 is divided by 18.
6
What is the remainder when 68811422 is divided by 39053?
36
What is the remainder when 20590969 is divided by 155992?
25
What is the remainder when 2901508 is divided by 86?
40
Calculate the remainder when 133356 is divided by 994.
160
What is the remainder when 164307493 is divided by 11?
9
Calculate the remainder when 397206 is divided by 99296.
22
What is the remainder when 4291 is divided by 2805?
1486
What is the remainder when 1749076 is divided by 218623?
92
What is the remainder when 21480023 is divided by 35?
33
What is the remainder when 1562147 is divided by 276?
263
Calculate the remainder when 7310507 is divided by 3655244.
19
What is the remainder when 2583838 is divided by 1291841?
156
What is the remainder when 422551 is divided by 30152?
423
Calculate the remainder when 81806134 is divided by 881.
879
Calculate the remainder when 400917 is divided by 133598.
123
What is the remainder when 43628 is divided by 361?
308
Calculate the remainder when 10795383 is divided by 3831.
3456
What is the remainder when 187536291 is divided by 1811?
1808
Calculate the remainder when 8249693 is divided by 300.
293
Calculate the remainder when 19530279 is divided by 40.
39
Calculate the remainder when 35599 is divided by 6464.
3279
What is the remainder when 66718 is divided by 11965?
6893
What is the remainder when 39869 is divided by 2030?
1299
Calculate the remainder when 2598575 is divided by 866162.
89
What is the remainder when 21533285 is divided by 2468?
2453
Calculate the remainder when 478207 is divided by 556.
47
Calculate the remainder when 424544 is divided by 212214.
116
What is the remainder when 63455 is divided by 2817?
1481
Calculate the remainder when 417242 is divided by 83424.
122
Calculate the remainder when 2184160 is divided by 545952.
352
What is the remainder when 8123152 is divided by 809?
792
What is the remainder when 1400317 is divided by 13?
9
What is the remainder when 7375191 is divided by 460949?
7
What is the remainder when 1917122 is divided by 42597?
257
Calculate the remainder when 608062 is divided by 889.
875
What is the remainder when 670379 is divided by 2082?
2057
Calculate the remainder when 3214166 is divided by 161.
123
Calculate the remainder when 45817 is divided by 5627.
801
What is the remainder when 107358143 is divided by 145?
143
Calculate the remainder when 387801 is divided by 1629.
99
What is the remainder when 749485 is divided by 1139?
23
Calculate the remainder when 228382961 is divided by 263114.
9
What is the remainder when 39009 is divided by 1054?
11
What is the remainder when 8504779 is divided by 8504618?
161
What is the remainder when 73500 is divided by 447?
192
Calculate the remainder when 16320 is divided by 487.
249
What is the remainder when 12851348 is divided by 4704?
20
What is the remainder when 405984 is divided by 202211?
1562
What is the remainder when 111850 is divided by 1450?
200
What is the remainder when 36174 is divided by 1479?
678
What is the remainder when 5609162 is divided by 56091?
62
What is the remainder when 138900 is divided by 3089?
2984
Calculate the remainder when 1913896 is divided by 956920.
56
What is the remainder when 1638666 is divided by 4405?
6
What is the remainder when 59822529 is divided by 19940841?
6
Calculate the remainder when 368292 is divided by 184139.
14
What is the remainder when 191584006 is divided by 3909?
7
Calculate the remainder when 391431 is divided by 27944.
215
What is the remainder when 2114482 is divided by 111288?
10
Calculate the remainder when 1801700 is divided by 59.
17
What is the remainder when 5954 is divided by 126?
32
What is the remainder when 95596 is divided by 1610?
606
What is the remainder when 50818818 is divided by 1588088?
2
Calculate the remainder when 136673200 is divided by 397.
392
Calculate the remainder when 38045 is divided by 65.
20
Calculate the remainder when 73368 is divided by 3668.
8
What is the remainder when 2028258 is divided by 225359?
27
Calculate the remainder when 111507 is divided by 599.
93
Calculate the remainder when 60341 is divided by 59779.
562
What is the remainder when 1982429 is divided by 282?
251
What is the remainder when 6876566 is divided by 40?
6
Calculate the remainder when 83106997 is divided by 820.
817
What is the remainder when 46731 is divided by 15535?
126
Calculate the remainder when 385496 is divided by 9637.
16
Calculate the remainder when 45638895 is divided by 45638862.
33
Calculate the rema